{"id":11,"date":"2022-06-22T15:50:15","date_gmt":"2022-06-22T13:50:15","guid":{"rendered":"https:\/\/www.binaerwerkstatt.de\/site\/?page_id=11"},"modified":"2022-06-23T14:59:13","modified_gmt":"2022-06-23T12:59:13","slug":"sprachkurse","status":"publish","type":"page","link":"https:\/\/www.chinesisch-beratung.de\/site\/","title":{"rendered":"Chinesisch-Sprachkurse"},"content":{"rendered":"\n<p>Mandarin ist die Nationalsprache Chinas (Hochchinesisch) und wird auf dem chinesischen Festland, in Singapur und in Taiwan gesprochen. Immer mehr Leute in Hongkong lernen ebenfalls Mandarin.<br>Wir bieten Chinesischkurse, Intensiv-Chinesischkurse, Business-Chinesisch, HSK-Pruefungsvorbereitungskurse, Fernkurse (Onlinekurse), Chinesisch f\u00fcr Kinder, Sch\u00fcler, Studenten, Firmen und Touristen an. Alle unsere Kurse k\u00f6nnen als Einzelunterricht, Gruppen- u. Minikurse, Intensivkurse, Sprachkurse f\u00fcr Austauschstudenten und Firmenintensivkurse besucht werden.<\/p>\n\n\n\n<p>Der Lehrgang wendet sich an Sie<br>\u2022 wenn Sie bei Gesch\u00e4ftskontakten oder privaten Reisen mit Chinesisch-Kenntnissen gl\u00e4nzen m\u00f6chten<br>\u2022 wenn Sie sich einen beruflichen Vorteil verschaffen m\u00f6chten, indem Sie die Sprache der aufstrebenden Wirtschaftsmacht schlechthin beherrschen<br>\u2022 wenn Sie sich die Jahrtausende alte chinesische Kultur intensiv und hautnah erschlie\u00dfen m\u00f6chten<\/p>\n\n\n\n<h2>Intensivkurse<\/h2>\n\n\n\n<p>Bei unseren Intensivkursen erhalten sie 20 Lektionen pro Woche an 4 Unterrichtstagen. Die Teilnehmeranzahl pro Kurs liegt 3 und 15 Sch\u00fclern. Diese Kursart sollten Sie w\u00e4hlen, wenn Sie in kurzer Zeit m\u00f6glichst gro\u00dfe Fortschritte machen m\u00f6chten.<\/p>\n\n\n\n<h2>Individual- und Einzelunterricht<\/h2>\n\n\n\n<p>Beim Einzelunterricht k\u00f6nnen Sie 2, 4 oder 6 Lektionen am Tag buchen. Diese Kursart ist ideal f\u00fcr Sie, wenn Sie die Sprache sehr schnell lernen oder Ihre Sprachkenntnisse perfektionieren m\u00f6chten. Die Lehrer gehen auf Ihre pers\u00f6nlichen Bed\u00fcrfnisse und Schw\u00e4chen ein und behandeln Themen, die f\u00fcr Sie von besonderem Interesse sind.<\/p>\n\n\n\n<h2>Business Chinesisch<\/h2>\n\n\n\n<p>Unsere Business-Sprachkurse, darunter vor allem Business-Chinesisch, bauen auf dem Standardkurs auf. Sie buchen einen normalen Intensivkurs, bei dem allerdings 10 Lektionen mit allgemeinem Inhalt durch Business-Chinesisch ersetzt werden. Diese sind f\u00fcr verschiedene Fachbereiche buchbar.<\/p>\n\n\n\n<h2>Kinderkurse<\/h2>\n\n\n\n<p>Unsere Gruppe hat max. 5 Sch\u00fcler. Die Kinder lernen mit lustigen chinesisch-deutschen Lernspielen. Sie lernen die Schriftzeichen schreiben und lesen wie chinesische Kinder in China. Au\u00dferdem spielen sie kleine und lustige Theaterst\u00fccke mit chinesischen Texten.<\/p>\n\n\n\n<h2>Minigruppenkurse<\/h2>\n\n\n\n<p>Im Minigruppenkurs erhalten Sie ebenfalls 20 Lektionen pro Woche. Der Aufbau ist der gleiche, wie der des Standardkurses. Durch die kleinere Gruppengr\u00f6sse ( 2 &#8211; 4 Teilnehmer pro Kurs) kann der Lehrer jedoch individueller auf die Schw\u00e4chen des Einzelnen eingehen, so dass schnellere Lernerfolge erzielt werden koennen. Teilweise kann es bei dieser Kursart zu saisonalen Einschr\u00e4nkungen kommen.<\/p>\n","protected":false},"excerpt":{"rendered":"<p>Mandarin ist die Nationalsprache Chinas (Hochchinesisch) und wird auf dem chinesischen Festland, in Singapur und in Taiwan gesprochen. Immer mehr Leute in Hongkong lernen ebenfalls&hellip;<\/p>\n","protected":false},"author":1,"featured_media":0,"parent":0,"menu_order":0,"comment_status":"closed","ping_status":"closed","template":"","meta":[],"_links":{"self":[{"href":"https:\/\/www.chinesisch-beratung.de\/site\/wp-json\/wp\/v2\/pages\/11"}],"collection":[{"href":"https:\/\/www.chinesisch-beratung.de\/site\/wp-json\/wp\/v2\/pages"}],"about":[{"href":"https:\/\/www.chinesisch-beratung.de\/site\/wp-json\/wp\/v2\/types\/page"}],"author":[{"embeddable":true,"href":"https:\/\/www.chinesisch-beratung.de\/site\/wp-json\/wp\/v2\/users\/1"}],"replies":[{"embeddable":true,"href":"https:\/\/www.chinesisch-beratung.de\/site\/wp-json\/wp\/v2\/comments?post=11"}],"version-history":[{"count":4,"href":"https:\/\/www.chinesisch-beratung.de\/site\/wp-json\/wp\/v2\/pages\/11\/revisions"}],"predecessor-version":[{"id":63,"href":"https:\/\/www.chinesisch-beratung.de\/site\/wp-json\/wp\/v2\/pages\/11\/revisions\/63"}],"wp:attachment":[{"href":"https:\/\/www.chinesisch-beratung.de\/site\/wp-json\/wp\/v2\/media?parent=11"}],"curies":[{"name":"wp","href":"https:\/\/api.w.org\/{rel}","templated":true}]}}